{"version":"1.0","provider_name":"Valencia Climb","provider_url":"https:\/\/www.valenciaclimb.com\/es","title":"Mallorca, meca del psicobloc | Valencia Climb","type":"rich","width":600,"height":338,"html":"<blockquote class=\"wp-embedded-content\" data-secret=\"zDkFI590KC\"><a href=\"https:\/\/www.valenciaclimb.com\/es\/actividad\/mallorca\/\">Mallorca, meca del psicobloc<\/a><\/blockquote><iframe sandbox=\"allow-scripts\" security=\"restricted\" src=\"https:\/\/www.valenciaclimb.com\/es\/actividad\/mallorca\/embed\/#?secret=zDkFI590KC\" width=\"600\" height=\"338\" title=\"\u00abMallorca, meca del psicobloc\u00bb \u2014 Valencia Climb\" data-secret=\"zDkFI590KC\" frameborder=\"0\" marginwidth=\"0\" marginheight=\"0\" scrolling=\"no\" class=\"wp-embedded-content\"><\/iframe><script type=\"text\/javascript\">\n\/* <![CDATA[ *\/\n\/*! This file is auto-generated *\/\n!function(d,l){\"use strict\";l.querySelector&&d.addEventListener&&\"undefined\"!=typeof URL&&(d.wp=d.wp||{},d.wp.receiveEmbedMessage||(d.wp.receiveEmbedMessage=function(e){var t=e.data;if((t||t.secret||t.message||t.value)&&!\/[^a-zA-Z0-9]\/.test(t.secret)){for(var s,r,n,a=l.querySelectorAll('iframe[data-secret=\"'+t.secret+'\"]'),o=l.querySelectorAll('blockquote[data-secret=\"'+t.secret+'\"]'),c=new RegExp(\"^https?:$\",\"i\"),i=0;i<o.length;i++)o[i].style.display=\"none\";for(i=0;i<a.length;i++)s=a[i],e.source===s.contentWindow&&(s.removeAttribute(\"style\"),\"height\"===t.message?(1e3<(r=parseInt(t.value,10))?r=1e3:~~r<200&&(r=200),s.height=r):\"link\"===t.message&&(r=new URL(s.getAttribute(\"src\")),n=new URL(t.value),c.test(n.protocol))&&n.host===r.host&&l.activeElement===s&&(d.top.location.href=t.value))}},d.addEventListener(\"message\",d.wp.receiveEmbedMessage,!1),l.addEventListener(\"DOMContentLoaded\",function(){for(var e,t,s=l.querySelectorAll(\"iframe.wp-embedded-content\"),r=0;r<s.length;r++)(t=(e=s[r]).getAttribute(\"data-secret\"))||(t=Math.random().toString(36).substring(2,12),e.src+=\"#?secret=\"+t,e.setAttribute(\"data-secret\",t)),e.contentWindow.postMessage({message:\"ready\",secret:t},\"*\")},!1)))}(window,document);\n\/\/# sourceURL=https:\/\/www.valenciaclimb.com\/wp-includes\/js\/wp-embed.min.js\n\/* ]]> *\/\n<\/script>\n","thumbnail_url":"https:\/\/www.valenciaclimb.com\/wp-content\/uploads\/2018\/06\/hero-travels.jpg","thumbnail_width":2100,"thumbnail_height":1400,"description":"Adem\u00e1s de ser uno de los mejores destinos del mundo para el psicoloque, esta isla mediterr\u00e1nea tambi\u00e9n cuenta con sectores de escalada deportiva de gran calidad en entornos naturales de gran belleza."}

Además de ser uno de los mejores destinos del mundo para el psicoloque, esta isla mediterránea también cuenta con sectores de escalada deportiva de gran calidad en entornos naturales de gran belleza.
